 209?
True
Is 445740080 a multiple of 1576?
True
Is 585 a factor of 48949290?
True
Is 84717584 a multiple of 203?
True
Is 112973267 a multiple of 43?
False
Does 23 divide 1110785694?
False
Is 703022396 a multiple of 54?
False
Is 18800749 a multiple of 59?
False
Is 191823070 a multiple of 20?
False
Does 855 divide 26691140?
False
Is 2960189 a multiple of 78?
False
Does 9274 divide 944287954?
True
Does 22 divide 46509540?
True
Is 4328182 a multiple of 13?
False
Is 39 a factor of 297921?
True
Is 25194860 a multiple of 394?
False
Does 23 divide 135682866?
False
Does 1194 divide 40717788?
True
Is 76 a factor of 315147224?
True
Is 72 a factor of 7632880?
False
Is 876815885 a multiple of 1445?
True
Does 7890 divide 3762890990?
False
Is 2520 a factor of 2816261178?
False
Does 76 divide 21719508?
True
Does 194 divide 26402236?
True
Is 17 a factor of 19576909?
False
Is 104 a factor of 1649042862?
False
Is 569 a factor of 15161005?
True
Is 8 a factor of 1679335120?
True
Does 2 divide 1623168?
True
Is 2135 a factor of 395615414?
False
Does 713 divide 25530419?
False
Does 40 divide 1666640?
True
Is 38987973 a multiple of 27?
True
Is 756162 a multiple of 2211?
True
Is 5 a factor of 59028035?
True
Does 5 divide 58883490?
True
Does 185 divide 376918445?
True
Is 374 a factor of 4179040470?
True
Does 1790 divide 45177107?
False
Is 86782004 a multiple of 74?
False
Does 8 divide 2785389745?
False
Does 1678 divide 2141968678?
True
Does 813 divide 111307666?
False
Is 10 a factor of 52123590?
True
Is 477900605 a multiple of 455?
True
Is 735 a factor of 137493052?
False
Does 19 divide 7228211?
False
Is 2422 a factor of 4210283700?
True
Is 28239605 a multiple of 1074?
False
Is 91 a factor of 70178926?
False
Is 506 a factor of 4223714066?
True
Does 13 divide 17569240?
True
Is 29581667 a multiple of 21?
False
Is 19 a factor of 27245002?
False
Does 187 divide 275496628?
True
Is 11 a factor of 33966609?
False
Is 102262290 a multiple of 78?
True
Does 949 divide 122590757?
False
Is 10 a factor of 32849733?
False
Is 357 a factor of 295198928?
False
Is 345380500 a multiple of 250?
True
Is 99248825 a multiple of 120?
False
Is 8573873 a multiple of 65?
False
Is 120 a factor of 5529840?
True
Is 1619 a factor of 12971428?
True
Does 9 divide 172719035?
False
Is 122 a factor of 46852148?
True
Is 85710688 a multiple of 134?
True
Is 101047755 a multiple of 17?
False
Is 10275265 a multiple of 14?
False
Does 6 divide 38453339?
False
Does 598 divide 67761772?
True
Does 18 divide 1591066?
False
Does 5291 divide 6129845722?
True
Is 27220288 a multiple of 63?
False
Is 310 a factor of 22786722?
False
Is 511 a factor of 465785698?
True
Is 12118394 a multiple of 108?
False
Is 32 a factor of 4504622?
False
Is 32664150 a multiple of 450?
True
Is 30 a factor of 190982760?
True
Is 206 a factor of 62829119?
False
Is 478 a factor of 104524260?
True
Is 4121309173 a multiple of 267?
False
Is 441631828 a multiple of 1643?
True
Is 87 a factor of 62797296?
True
Does 644 divide 56651390?
False
Is 13350992 a multiple of 236?
True
Does 13 divide 30132193?
True
Does 3620 divide 101719527?
False
Is 2724 a factor of 941250960?
True
Does 78 divide 2576375?
False
Is 30 a factor of 39502681?
False
Does 545 divide 32630785?
True
Does 1035 divide 153736830?
True
Is 2569216 a multiple of 104?
True
Does 17 divide 1024433991?
True
Is 2100 a factor of 426999300?
True
Is 331784640 a multiple of 32?
True
Is 587 a factor of 201956610?
False
Is 1000604178 a multiple of 63?
True
Is 16 a factor of 58732484?
False
Is 20813477 a multiple of 19?
False
Does 87 divide 619221509?
False
Does 46 divide 2183712?
True
Is 4786 a factor of 7238084529?
False
Is 33 a factor of 858189838?
False
Is 707 a factor of 16487947?
True
Is 86801033 a multiple of 881?
False
Is 11152950 a multiple of 473?
False
Is 57 a factor of 1068407781?
False
Is 56 a factor of 1794910174?
False
Is 192 a factor of 4393475?
False
Is 56426750 a multiple of 58?
True
Is 9 a factor of 10179895?
False
Does 192 divide 9539328?
True
Is 10585747 a multiple of 63?
False
Is 2212 a factor of 301681408?
True
Is 130453980 a multiple of 1065?
True
Is 84078353 a multiple of 4?
False
Does 758 divide 4067942688?
False
Does 36 divide 413643996?
True
Is 506626751 a multiple of 3180?
False
Does 9 divide 2983478?
False
Is 1479 a factor of 47223262?
False
Is 16039120 a multiple of 314?
True
Is 645137040 a multiple of 752?
True
Does 66 divide 22512671?
False
Is 927300528 a multiple of 14?
True
Is 361 a factor of 323428203?
True
Is 455362683 a multiple of 19?
True
Does 10 divide 1758094570?
True
Is 255539687 a multiple of 71?
False
Is 19 a factor of 10057745?
True
Is 164036080 a multiple of 10?
True
Is 7720754 a multiple of 17?
True
Is 88590039 a multiple of 46?
False
Is 1177 a factor of 902715584?
False
Is 1161 a factor of 138954285?
True
Does 2691 divide 937027728?
True
Is 81883893 a multiple of 2820?
False
Is 173598925 a multiple of 40?
False
Is 1491 a factor of 7132944?
True
Is 63466581 a multiple of 63?
False
Does 5 divide 90776060?
True
Does 88 divide 2737373?
False
Is 9505 a factor of 1656141695?
True
Does 201 divide 98523896?
False
Does 110 divide 481924180?
False
Is 262 a factor of 55915516?
True
Is 92357641 a multiple of 306?
False
Does 17 divide 1686134?
False
Is 314 a factor of 2461550192?
False
Is 691 a factor of 77786766?
False
Does 1280 divide 4662384?
False
Does 132 divide 24478178?
False
Is 14 a factor of 218516788?
True
Is 2409 a factor of 283445349?
True
Is 219963104 a multiple of 124?
True
Does 703 divide 35355276?
True
Does 6073 divide 796716870?
True
Is 69533741 a multiple of 73?
True
Is 7661373 a multiple of 6?
False
Is 27 a factor of 102591279?
True
Is 107911583 a multiple of 13?
True
Is 164964609 a multiple of 93?
True
Does 296 divide 27474424?
True
Is 219771085 a multiple of 3262?
False
Is 685 a factor of 26517540?
False
Is 714327040 a multiple of 2660?
True
Does 155 divide 44787560?
True
Is 4989 a factor of 65843102?
False
Does 970 divide 1151536470?
True
Is 30 a factor of 41063132?
False
Is 17430409 a multiple of 36?
False
Does 44 divide 223108758?
False
Does 487 divide 11452779?
True
Is 942 a factor of 865390908?
True
Does 2636 divide 1065908776?
True
Is 509867080 a multiple of 471?
False
Is 98 a factor of 396083170?
True
Is 74311063 a multiple of 5?
False
Does 2930 divide 3036508430?
True
Is 370 a factor of 1198800?
True
Is 49 a factor of 2362486?
True
Is 37612856 a multiple of 16?
False
Is 118003838 a multiple of 356?
False
Is 514 a factor of 1071735232?
True
Does 24 divide 56408130?
False
Does 6 divide 3622808?
False
Does 410 divide 14085208?
False
Is 36867866 a multiple of 1221?
False
Is 81 a factor of 9219352?
False
Is 169 a factor of 17858906?
True
Is 163727760 a multiple of 1680?
True
Is 540 a factor of 690571980?
True
Is 72 a factor of 2719946156?
False
Is 102725828 a multiple of 58?
False
Is 15 a factor of 833094737?
False
Does 13 divide 2612789?
False
Does 1747 divide 755540066?
False
Does 10 divide 1227055314?
False
Is 152 a factor of 834591720?
True
Is 369 a factor of 1485535698?
True
Is 12 a factor of 146038392?
True
Is 9 a factor of 157154706?
True
Does 223 divide 15859983?
True
Is 500 a factor of 1046502000?
True
Is 510 a factor of 1374121050?
True
Does 2081 divide 76032607?
False
Is 17211045 a multiple of 59?
False
Does 63 divide 66409520?
False
Is 690643800 a multiple of 4200?
True
Does 105 divide 136803659?
False
Is 27 a factor of 353745684?
True
Is 682 a factor of 83787792?
True
Is 312743520 a multiple of 32?
True
Is 213 a factor of 212866449?
True
Is 2286 a factor of 17128998?
True
Is 4837 a factor of 313603882?
False
Is 765 a factor of 116536275?
True
Does 2763 divide 12546783?
True
Does 5974 divide 1245531208?
True
Does 754 divide 155939219?
False
Is 263 a factor of 13723340?
True
Does 44 divide 1764620262?
False
Does 66 divide 138842286?
True
Is 3247 a factor of 305526465?
True
Is 54375960 a multiple of 136?
False
Does 92 divide 41244244?
True
Is 1532 a factor of 5264093?
False
Is 1640932050 a multiple of 1373?
False
Is 156633927 a multiple of 1926?
False
Is 47 a factor of 69565593?
True
Is 29122002 a multiple of 966?
True
Is 1560 a factor of 402359880?
True
Is 25 a factor of 20977200?
True
Does 28 divide 162582168?
True
Is 232 a f